{"id":2,"date":"2023-08-14T16:40:55","date_gmt":"2023-08-14T16:40:55","guid":{"rendered":"https:\/\/www.boehmischer-garten.de\/?page_id=2"},"modified":"2026-04-07T17:26:59","modified_gmt":"2026-04-07T17:26:59","slug":"sample-page","status":"publish","type":"page","link":"https:\/\/www.boehmischer-garten.de\/","title":{"rendered":"Restaurant B\u00f6hmischer Garten"},"content":{"rendered":"\n<p class=\"has-text-align-left\"><\/p>\n\n\n\n<h2 class=\"wp-block-heading has-text-align-left\">Restaurant B\u00f6hmischer Garten<\/h2>\n\n\n\n<p class=\"has-text-align-center\">Unser Restaurant ins von 11. -26.4 geschlossen.<\/p>\n\n\n\n<p class=\"has-text-align-left\">\u00d6ffnungszeiten am Freitag 1.5. 2026 17:00-21:30<\/p>\n\n\n\n<p><\/p>\n\n\n\n<p><strong>Herzlich willkommen im Restaurant B\u00f6hmischer Garten in Berlin-Karlshorst!<\/strong><\/p>\n\n\n\n<p>Unser kleines Familien-Restaurant wird in der zweiten Generation gef\u00fchrt und ist seit dem Jahr 2005 am Standort Karlshorst.<\/p>\n\n\n\n<p>Wir bieten Ihnen neben der typisch <strong>B\u00f6hmischen K\u00fcche<\/strong> auch <strong>Gerichte aus dem ehemaligen \u00d6sterreich-Ungarn<\/strong> an. Der Ursprung der Gerichte stammt aus allen Gebieten, die bis 1918 zur \u00d6sterreich-Ungarischen Donaumonarchie geh\u00f6rten. Dazu geh\u00f6ren nat\u00fcrlich die ber\u00fchmten B\u00f6hmischen Kn\u00f6del genauso wie Schnitzel, Pala\u010dinky oder einen Slivovovitz. Die Einfl\u00fcsse der b\u00f6hmischen K\u00fcche kamen aus den heutigen Staaten Tschechien, Slowakei, Ukraine, Ungarn, Slowenien, Kroatien und \u00d6sterreich. <\/p>\n\n\n\n<p>Damit unsere K\u00fcche allzeit spannend f\u00fcr Sie bleibt, <strong>wechseln wir ca. alle 2 Monate die Speisekarte<\/strong>. Schauen Sie einfach auf unsere Website! <br \/><br \/>Wir freuen uns auf Ihren Besuch und w\u00fcnschen: Guten Appetit!<\/p>\n\n\n\n<div class=\"wp-block-columns is-layout-flex wp-container-core-columns-is-layout-9d6595d7 wp-block-columns-is-layout-flex\">\n<div class=\"wp-block-column is-layout-flow wp-block-column-is-layout-flow\" style=\"flex-basis:100%\">\n<figure class=\"wp-block-gallery has-nested-images columns-4 is-cropped wp-block-gallery-1 is-layout-flex wp-block-gallery-is-layout-flex\">\n<figure class=\"wp-block-image size-full is-style-default\"><img loading=\"lazy\" decoding=\"async\" width=\"768\" height=\"1024\" data-id=\"236\" src=\"https:\/\/www.boehmischer-garten.de\/wp-content\/uploads\/2023\/08\/IMG_2494.jpg\" alt=\"\" class=\"wp-image-236\" srcset=\"https:\/\/www.boehmischer-garten.de\/wp-content\/uploads\/2023\/08\/IMG_2494.jpg 768w, https:\/\/www.boehmischer-garten.de\/wp-content\/uploads\/2023\/08\/IMG_2494-225x300.jpg 225w\" sizes=\"auto, (max-width: 768px) 100vw, 768px\" \/><figcaption class=\"wp-element-caption\"><a href=\"https:\/\/www.boehmischer-garten.de\/index.php\/restaurant\/\">Restaurant<\/a><\/figcaption><\/figure>\n\n\n\n<figure class=\"wp-block-image size-full\"><a href=\"https:\/\/www.boehmischer-garten.de\/index.php\/speisekarte\/\"><img loading=\"lazy\" decoding=\"async\" width=\"336\" height=\"448\" data-id=\"218\" src=\"https:\/\/www.boehmischer-garten.de\/wp-content\/uploads\/2023\/08\/Speisekarte_kl.jpg\" alt=\"\" class=\"wp-image-218\" srcset=\"https:\/\/www.boehmischer-garten.de\/wp-content\/uploads\/2023\/08\/Speisekarte_kl.jpg 336w, https:\/\/www.boehmischer-garten.de\/wp-content\/uploads\/2023\/08\/Speisekarte_kl-225x300.jpg 225w\" sizes=\"auto, (max-width: 336px) 100vw, 336px\" \/><\/a><figcaption class=\"wp-element-caption\"><a href=\"https:\/\/www.boehmischer-garten.de\/index.php\/speisekarte\/\">Speisekarte<\/a><\/figcaption><\/figure>\n\n\n\n<figure class=\"wp-block-image size-large\"><a href=\"https:\/\/www.boehmischer-garten.de\/index.php\/getraenke\/\"><img loading=\"lazy\" decoding=\"async\" width=\"245\" height=\"138\" data-id=\"70\" src=\"https:\/\/www.boehmischer-garten.de\/wp-content\/uploads\/2023\/08\/img_bildlink-03.png\" alt=\"\" class=\"wp-image-70\"\/><\/a><figcaption class=\"wp-element-caption\"><a href=\"https:\/\/www.boehmischer-garten.de\/index.php\/getraenke\/\">Getr\u00e4nkekarte<\/a><\/figcaption><\/figure>\n\n\n\n<figure class=\"wp-block-image size-large\"><a href=\"https:\/\/www.boehmischer-garten.de\/index.php\/spezialitaeten\/\"><img loading=\"lazy\" decoding=\"async\" width=\"245\" height=\"138\" data-id=\"71\" src=\"https:\/\/www.boehmischer-garten.de\/wp-content\/uploads\/2023\/08\/img_bildlink-04.png\" alt=\"\" class=\"wp-image-71\"\/><\/a><figcaption class=\"wp-element-caption\"><a href=\"https:\/\/www.boehmischer-garten.de\/index.php\/spezialitaeten\/\">Spezialit\u00e4ten<\/a><\/figcaption><\/figure>\n<\/figure>\n<\/div>\n<\/div>\n\n\n\n<h3 class=\"wp-block-heading\">Unser Restaurant in Karlshorst<\/h3>\n\n\n\n<p>Unser Restaurant befindet sich nur 4 Gehminuten vom <strong>S-Bahnhof Karlshorst<\/strong> entfernt.<br \/>Au\u00dferdem h\u00e4lt der <strong>Bus 396<\/strong> fast vor der T\u00fcr. Hier finden Sie uns bei <a href=\"https:\/\/www.google.com\/maps\/place\/B%C3%B6hmischer+Garten\/@52.48346,13.5195103,17z\/data=!3m1!4b1!4m6!3m5!1s0x47a848d65f0f0a49:0xa871ea1da3e18588!8m2!3d52.48346!4d13.5220852!16s%2Fg%2F1td321s1?entry=ttu\" target=\"_blank\" rel=\"noopener\" title=\"\">Google Maps<\/a>.<\/p>\n\n\n\n<div class=\"wp-block-columns is-layout-flex wp-container-core-columns-is-layout-9d6595d7 wp-block-columns-is-layout-flex\">\n<div class=\"wp-block-column is-layout-flow wp-block-column-is-layout-flow\">\n<h5 class=\"wp-block-heading\">Restaurant B\u00f6hmischer Garten<br \/>D\u00f6nhoffstra\u00dfe 35A<br \/>10318 Berlin<\/h5>\n<\/div>\n\n\n\n<div class=\"wp-block-column is-layout-flow wp-block-column-is-layout-flow\"><div class=\"wp-block-image is-style-default\">\n<figure class=\"alignleft size-full is-resized\"><img loading=\"lazy\" decoding=\"async\" width=\"405\" height=\"480\" src=\"https:\/\/www.boehmischer-garten.de\/wp-content\/uploads\/2023\/08\/405px-Wappen_Koenigreich_Boehmen-Kopie.jpg\" alt=\"\" class=\"wp-image-168\" style=\"width:82px;height:97px\" srcset=\"https:\/\/www.boehmischer-garten.de\/wp-content\/uploads\/2023\/08\/405px-Wappen_Koenigreich_Boehmen-Kopie.jpg 405w, https:\/\/www.boehmischer-garten.de\/wp-content\/uploads\/2023\/08\/405px-Wappen_Koenigreich_Boehmen-Kopie-253x300.jpg 253w\" sizes=\"auto, (max-width: 405px) 100vw, 405px\" \/><\/figure>\n<\/div><\/div>\n<\/div>\n\n\n\n<h3 class=\"wp-block-heading\">Unsere \u00d6ffnungszeiten:<\/h3>\n\n\n\n<p>Wir haben von <strong>Montag bis Freitag ab 17:00 bis 21:30 Uhr <\/strong>und <strong>Samstag und Sonntag geschlossen. <\/strong><\/p>\n\n\n\n<p><strong>Geschlossen: 11.4.- 26.4.2026<\/strong><\/p>\n\n\n\n<p><strong>Reservierungen<\/strong> <strong>gerne<\/strong> <strong>telefonisch <\/strong><br \/>+49 30 50 88 191<\/p>\n\n\n\n<p>Unser Restaurant bietet 24 Pl\u00e4tze im Innenraum und ca. 20 Pl\u00e4tze im Garten. <\/p>\n\n\n\n<p>Daher ist es nur m\u00f6glich Tisch bis <strong>max. 6 Personen<\/strong> vorzubestellen.<\/p>\n\n\n\n<p><strong>Bezahlung<\/strong>: Bei uns k\u00f6nnen Sie gerne <strong>bar oder mit Karte<\/strong> bezahlen.<\/p>\n\n\n\n<p><strong>Schauen Sie gerne bei uns vorbei!<\/strong><\/p>\n\n\n\n<p>Letzte \u00c4nderung: 01.03.2026<\/p>\n\n\n\n<p><\/p>\n\n\n\n<p><\/p>\n\n\n\n<p><\/p>\n","protected":false},"excerpt":{"rendered":"<p>Restaurant B\u00f6hmischer Garten Unser Restaurant ins von 11. -26.4 geschlossen. \u00d6ffnungszeiten am Freitag 1.5. 2026 17:00-21:30 Herzlich willkommen im Restaurant B\u00f6hmischer Garten in Berlin-Karlshorst! Unser kleines Familien-Restaurant wird in der zweiten Generation gef\u00fchrt und ist seit dem Jahr 2005 am Standort Karlshorst. Wir bieten Ihnen neben der typisch B\u00f6hmischen K\u00fcche auch Gerichte aus dem ehemaligen [&hellip;]<\/p>\n","protected":false},"author":1,"featured_media":282,"parent":0,"menu_order":0,"comment_status":"closed","ping_status":"open","template":"","meta":{"footnotes":""},"class_list":["post-2","page","type-page","status-publish","has-post-thumbnail","hentry"],"aioseo_notices":[],"_links":{"self":[{"href":"https:\/\/www.boehmischer-garten.de\/index.php\/wp-json\/wp\/v2\/pages\/2","targetHints":{"allow":["GET"]}}],"collection":[{"href":"https:\/\/www.boehmischer-garten.de\/index.php\/wp-json\/wp\/v2\/pages"}],"about":[{"href":"https:\/\/www.boehmischer-garten.de\/index.php\/wp-json\/wp\/v2\/types\/page"}],"author":[{"embeddable":true,"href":"https:\/\/www.boehmischer-garten.de\/index.php\/wp-json\/wp\/v2\/users\/1"}],"replies":[{"embeddable":true,"href":"https:\/\/www.boehmischer-garten.de\/index.php\/wp-json\/wp\/v2\/comments?post=2"}],"version-history":[{"count":201,"href":"https:\/\/www.boehmischer-garten.de\/index.php\/wp-json\/wp\/v2\/pages\/2\/revisions"}],"predecessor-version":[{"id":690,"href":"https:\/\/www.boehmischer-garten.de\/index.php\/wp-json\/wp\/v2\/pages\/2\/revisions\/690"}],"wp:featuredmedia":[{"embeddable":true,"href":"https:\/\/www.boehmischer-garten.de\/index.php\/wp-json\/wp\/v2\/media\/282"}],"wp:attachment":[{"href":"https:\/\/www.boehmischer-garten.de\/index.php\/wp-json\/wp\/v2\/media?parent=2"}],"curies":[{"name":"wp","href":"https:\/\/api.w.org\/{rel}","templated":true}]}}