{"id":283,"date":"2023-09-14T09:31:18","date_gmt":"2023-09-14T09:31:18","guid":{"rendered":"https:\/\/www.boehmischer-garten.de\/?page_id=283"},"modified":"2024-11-09T16:46:21","modified_gmt":"2024-11-09T16:46:21","slug":"kontakt","status":"publish","type":"page","link":"https:\/\/www.boehmischer-garten.de\/index.php\/kontakt\/","title":{"rendered":"Kontakt"},"content":{"rendered":"\n<h2 class=\"wp-block-heading\">Hier finden Sie uns: <\/h2>\n\n\n\n<p>B\u00f6hmischer Garten<br>D\u00f6nhoffstra\u00dfe 35A<br>10318 Berlin<\/p>\n\n\n\n<h2 class=\"wp-block-heading\">Kontaktm\u00f6glichkeiten<\/h2>\n\n\n\n<p>Telefon: +49 30 50 88 191<br>Fax: +49 30 50014373<br>E-Mail: <a href=\"mailto:mail@boehmischer-garten.de\">mail@boehmischer-garten.de<\/a><\/p>\n\n\n\n<h2 class=\"wp-block-heading\">So kommen Sie zu uns:<\/h2>\n\n\n\n<p>5 min zu Fu\u00df vom vom S-Bahnhof Karlshorst. <br>Au\u00dferdem h\u00e4lt die Buslinie 396 fast vor der T\u00fcr.<\/p>\n\n\n\n<p>Informieren Sie sich auch auf <a href=\"https:\/\/www.google.com\/maps\/place\/B%C3%B6hmischer+Garten\/@52.48346,13.5195103,17z\/data=!3m1!4b1!4m6!3m5!1s0x47a848d65f0f0a49:0xa871ea1da3e18588!8m2!3d52.48346!4d13.5220852!16s%2Fg%2F1td321s1?entry=ttu\" target=\"_blank\" rel=\"noopener\" title=\"\">Google Maps <\/a>>><\/p>\n","protected":false},"excerpt":{"rendered":"<p>Hier finden Sie uns: B\u00f6hmischer GartenD\u00f6nhoffstra\u00dfe 35A10318 Berlin Kontaktm\u00f6glichkeiten Telefon: +49 30 50 88 191Fax: +49 30 50014373E-Mail: mail@boehmischer-garten.de So kommen Sie zu uns: 5 min zu Fu\u00df vom vom S-Bahnhof Karlshorst. Au\u00dferdem h\u00e4lt die Buslinie 396 fast vor der T\u00fcr. Informieren Sie sich auch auf Google Maps >><\/p>\n","protected":false},"author":2,"featured_media":0,"parent":0,"menu_order":0,"comment_status":"closed","ping_status":"closed","template":"","meta":{"footnotes":""},"class_list":["post-283","page","type-page","status-publish","hentry"],"aioseo_notices":[],"_links":{"self":[{"href":"https:\/\/www.boehmischer-garten.de\/index.php\/wp-json\/wp\/v2\/pages\/283","targetHints":{"allow":["GET"]}}],"collection":[{"href":"https:\/\/www.boehmischer-garten.de\/index.php\/wp-json\/wp\/v2\/pages"}],"about":[{"href":"https:\/\/www.boehmischer-garten.de\/index.php\/wp-json\/wp\/v2\/types\/page"}],"author":[{"embeddable":true,"href":"https:\/\/www.boehmischer-garten.de\/index.php\/wp-json\/wp\/v2\/users\/2"}],"replies":[{"embeddable":true,"href":"https:\/\/www.boehmischer-garten.de\/index.php\/wp-json\/wp\/v2\/comments?post=283"}],"version-history":[{"count":7,"href":"https:\/\/www.boehmischer-garten.de\/index.php\/wp-json\/wp\/v2\/pages\/283\/revisions"}],"predecessor-version":[{"id":515,"href":"https:\/\/www.boehmischer-garten.de\/index.php\/wp-json\/wp\/v2\/pages\/283\/revisions\/515"}],"wp:attachment":[{"href":"https:\/\/www.boehmischer-garten.de\/index.php\/wp-json\/wp\/v2\/media?parent=283"}],"curies":[{"name":"wp","href":"https:\/\/api.w.org\/{rel}","templated":true}]}}